). Give i(-8).
-42
Let d(m) = m**3 - 8*m**2 - 45*m - 34. Let l be d(12). Let i(x) be the second derivative of -3*x - 1/12*x**4 - 1/3*x**3 + 0 + 0*x**2. Calculate i(l).
-8
Let s = -267 - -269. Let f(u) = u - s*u - 30 + 20 + 22. Determine f(10).
2
Suppose -3*v + 10 = n, 7 + 3 = 5*n - 5*v. Suppose -q = -0 - n. Let o(g) be the first derivative of -g**2/2 - 2*g - 162. What is o(q)?
-6
Let w(k) = 7*k**2 - 2*k + 2. Let p(l) = -l**3 + l**2 + l - 18. Let x(m) = -p(m) - 2*w(m). What is x(15)?
59
Let s(y) = -2*y - 17. Let n be s(-8). Suppose -3*b - 4*t = -13967, 4*t - 9705 = -5*b + 13568. Let f(c) = -b*c + 4653*c - 1 + 19*c**2. What is f(n)?
18
Let u(p) = -p**2 - 4*p - 5. Let i(o) = -3*o - 2. Let d(z) = 3*z - 32. Let x be d(11). Let k be i(x). What is u(k)?
-10
Let r(h) = h**2 + 3*h - 10. Let q(b) = -14 + b**2 - 7*b + b + 9*b + 1. Let z(w) = 3*q(w) - 4*r(w). Give z(-3).
1
Let r(j) = -641*j + 74 + 474*j + 185*j. Determine r(-4).
2
Let c(a) = 17*a + 45. Let f(x) = -52*x - 132. Let b(n) = 19*c(n) + 6*f(n). Determine b(-6).
-3
Suppose -r = 3*l - 84695, 2*l = -3*r + 6*r + 56478. Let n(u) = 28224 + 0*u + u - l. Determine n(-7).
-16
Let c = -11 + 17. Let d(z) = 3*z**2 - 23*z - 18. Let w be 527/153 + (-4)/9. Let j(v) = v**2 - 8*v - 6. Let a(i) = w*d(i) - 8*j(i). Determine a(c).
0
Let r(k) = -56 - 52 - k**2 + 57 - 21*k. Let x be r(-18). Let t(n) = -n**3 + 2*n**2 - 2*n + 3. What is t(x)?
-12
Let d(x) = -3*x**2 - 2*x - 2*x**2 + x**2 - 9 + 5*x**2. Suppose 0 = -o - h - 6, 24 = -4*o + 8*h - 11*h. Determine d(o).
39
Let a(r) = -9*r - 1 - 2*r - 4*r - r + 3*r. Let y(o) = o**3 + 12*o**2 + 31*o - 6. Let b be y(-8). Calculate a(b).
-27
Let f(h) = h**2 + 5*h - 9. Let u be f(2). Suppose 5*z - 15 = -u. Suppose 4*l + z*l = -42. Let o(d) = d**3 + 7*d**2 - 4. Calculate o(l).
-4
Let n(t) = 7*t**3 + t**2 - 1. Let q(i) = -34*i - 205. Let u = -378 + 372. Let p be q(u). What is n(p)?
-7
Suppose 3*c - 3*t = -15, 19 - 21 = -2*c - 2*t. Let o(a) = 7*a**2 + 17*a + 3. Calculate o(c).
-3
Let b(o) = 1 + 2*o**2 - 3 - 63*o**3 + 10*o + 3 + 62*o**3 + 2*o**2. Calculate b(5).
26
Let q(v) = -v**2 + 13*v + 14. Suppose -546 = -2*a - 2*y, 10*y = 3*a + 11*y - 823. Let r = 289 - a. Give q(r).
0
Suppose -14*o = -16*o - 12, 5*o + 105 = 5*c. Let d(m) = m**3 - 16*m**2 + 18*m - 51. What is d(c)?
-6
Let v(u) be the second derivative of u**6/360 - 11*u**5/120 + 7*u**4/12 - 17*u**3/3 + 4*u - 29. Let b(y) be the second derivative of v(y). What is b(10)?
4
Let k(n) = 16*n**2 - 93*n + 3. Let l be k(6). Let w(t) be the second derivative of 0 + 3*t**2 + l*t - 1/3*t**3. Give w(5).
-4
Let t(r) = r**2 + 17*r + 24. Suppose -124*s = 71 + 1541. Give t(s).
-28
Let i(j) = -j**3 - 6*j**2 + 3*j + 11. Let y be ((-4)/(-16))/((-6)/120). Calculate i(y).
-29
Let t(d) be the second derivative of d**3/2 + 9*d**2 - 4*d - 209. Calculate t(-18).
-36
Let x(g) = 2*g. Suppose 0 = z + 824 - 833. Suppose 3*a + 3*q + z = 6*q, -2*q - 22 = 5*a. Determine x(a).
-8
Let k(r) = 4*r - 13. Let d(z) = -z. Let p(u) = 5*d(u) + k(u). Let t = 1481 + -1490. What is p(t)?
-4
Let p(l) = -4*l - 7. Let r(x) = -2*x**3 - 21*x**2 - 12*x - 16. Let k be r(-10). Let j be 74/(k/4*-1). Let c = j + 68. What is p(c)?
17
Suppose 0 = -4*z + 5*j + 36, -4*z + 3*j = -27 - 1. Suppose -p - 3*v = 7, -3*p + z*v = -v - 49. Let s(q) = 2*q - 11. What is s(p)?
5
Suppose -2 = 2*i - 4. Let j(w) be the first derivative of -9*w**4/4 + w**3/3 + w**2/2 - w - 554. Determine j(i).
-8
Let r(x) = -1 - 2*x + 126*x**2 - 260*x**2 + 129*x**2. Let f(m) = -m**2 + 11*m - 3. Let y be f(11). Let a be -2*(y - -4) + 1. Give r(a).
-4
Let u(b) be the third derivative of -b**5/60 + 2*b**4/3 - 9*b**3/2 + 105*b**2 + 5*b. Determine u(15).
-12
Let f(u) = -2*u**3 - 12 + 2 + u**2 + u**3. Suppose -o - 5*r + 14 = -2*r, 0 = -3*o - 3*r + 66. Suppose -o = 12*i - 26. Determine f(i).
-10
Let o be (-2)/(-2)*(-192 - 3). Let f be o/(-4) - 1/(-4). Let z = -55 + f. Let y(x) = -x**3 - 5*x**2 + 7*x + 5. Give y(z).
-1
Let i(h) = -2*h**3 - 10*h**2 - 2*h - 10. Let l(p) = -p**3 - 9*p**2 - 9. Let u(f) = 2*i(f) - 3*l(f). Let s(d) = -8*d - 18. Let o be s(-3). What is u(o)?
19
Let n(q) = -1 - 1 - 114*q - 2 + 113*q. Let k be n(-1). Let x(t) = t**3 + 3*t**2 - 3*t + 3. Determine x(k).
12
Let n be 555/6*546/35. Let i(f) = -n + 1443 + f. Give i(-7).
-7
Let z(n) be the second derivative of -n**7/840 + n**6/120 + 17*n**3/6 + 3*n. Let y(i) be the second derivative of z(i). Suppose 5*d + 83 = 98. What is y(d)?
0
Let i(h) = -2*h**2 - 45*h + 318. Let z be i(6). Let q(u) = u**3 + 24*u**2 - u - 35. Determine q(z).
-11
Suppose 0 = 3*p + g - 146, -4*p - g + 41 + 154 = 0. Let i = -39 + p. Let s(q) = q - 23. What is s(i)?
-13
Let g = 5627 - 5637. Let u(r) = r**2 + 8*r - 2. What is u(g)?
18
Let g(p) be the second derivative of p**4/12 + 4*p**3/3 + 5*p**2/2 - 26642*p. Let o(l) = -7*l**3 + l**2 + l - 1. Let c be o(1). Give g(c).
-7
Let v(o) = -o**2 - o + 53. Let n be v(-7). Let j(u) = 30 - n - 8 - u**2 + 0*u - 8 + 4*u. Determine j(5).
-2
Let h be 2 - (-6 + 12 + -6). Let k(b) = 16*b**2 + h*b - 21 + 18 - 15*b**2. Determine k(2).
5
Let d(l) be the third derivative of l**6/120 - l**5/10 - 5*l**3/3 - 28*l**2 - 4*l. Calculate d(6).
-10
Suppose 1205 = 1230*q - 1235*q. Let k = 259 + q. Let s(l) = -l**2 + 18*l. Calculate s(k).
0
Let t(c) = -9*c**2 + c**3 - 8 + 2*c + 6*c + 14. Suppose 3*f - 69 + 195 = 0. Let z = 50 + f. Calculate t(z).
6
Let j be (-30)/12 - (-910)/52. Let m(r) = -r. What is m(j)?
-15
Let y(b) = -2 - 2 - 1 + 6. Let n(a) = -a**2 - 8*a - 9. Let i(w) = n(w) + y(w). Let x be 2/20 + 1207/(-170). Determine i(x).
-1
Let j(c) = c**2 + 7*c. Let b be j(-3). Let w(v) = -2*v**2 - 22*v + 14. Give w(b).
-10
Let q(x) = -x**2 - 3*x - 7. Let k be -10 + -1 + (4/(-5))/((-70)/350). What is q(k)?
-35
Let f(d) = d - 14. Let v = -148 - -156. Suppose 12 = 2*i - 0*x + 3*x, -2*i - 2*x = -v. Calculate f(i).
-14
Let x(a) = -2*a**2 - 17*a - 5. Let v be (576/(-336))/(1/6) + (-12)/(-42). Give x(v).
-35
Let t(s) = 13*s**2 + 36*s + 43. Suppose -4*h - 21 = k, -h + 32*k = 28*k + 1. Let b(p) = -9*p**2 - 24*p - 30. Let m(i) = h*t(i) - 7*b(i). Calculate m(-5).
5
Let h(z) = z**2 + 3*z - 3. Let k(m) = -m**2 - 2*m + 2. Let a(u) = 3*h(u) + 4*k(u). Let y(i) = -48*i - 1294. Let g be y(-27). What is a(g)?
-3
Let f(v) = 2*v**2 + 2*v + 3. Suppose 2*s - 2 - 6 = 0. Suppose -4*t - 108 - s = 0. Let x = t - -26. Determine f(x).
7
Suppose 11 = 2*r + t, 60 = -5*r + 10*r - 4*t. Let j(k) = 7491 + r*k - 7491. Let h = 3 + -2. Give j(h).
8
Let z = -1341 + 1336. Let k(h) = -h**3 - 3*h**2 + 10*h + 13. Give k(z).
13
Let o = -13 + 24. Let x(i) be the first derivative of -i**2/2 + 12*i + 8845. Determine x(o).
1
Suppose 0 = 8*c - 72 + 4 + 4. Let s(k) = 11*k - 93. What is s(c)?
-5
Suppose 6 = -6*a + 66. Let p(q) = -q**2 + 2*q + 1. Let g(v) = -7*v**2 + 21*v + 17. Let h(o) = -g(o) + 6*p(o). Calculate h(a).
-1
Let b(m) = -19*m - 10. Let p(r) = -4*r - 6. Let a(z) = 1. Let f(c) = -5*a(c) - p(c). Let i(q) = -b(q) - 5*f(q). Calculate i(0).
5
Let t(n) = 38*n - 72. Let u be t(2). Suppose 3*w - 8 = -w. Let r(i) = -u*i**2 - i**w + 8*i**2 + i**3 - 4*i. What is r(-4)?
0
Let s(l) = -2*l**2 + 15*l - 14. Let n be s(6). Let b(p) = 1 + 57*p**2 - 2*p + p**3 - 31*p**2 - 31*p**2. Determine b(n).
-23
Let o be 273/42 - 2/(-4). Suppose o*f - 4 - 10 = 0. Let c(t) = 3*t**2 - t + 2*t**2 + 36 - 34 - f*t**2. Give c(2).
12
Suppose 3*l - 5*p + 14 = 0, -5*l = 4*p - 2*p - 18. Let u(b) = -l*b + 2 - b - 7. Suppose 9*x + 32 = -4. Determine u(x).
7
Let v(r) = 2*r - 11. Let y(d) = -28*d - 109. Let s(a) = 14*a + 55. Let x(j) = 13*s(j) + 6*y(j). Let b be x(-4). Calculate v(b).
-1
Let x(u) be the first derivative of -u**4/4 - 13*u**3/3 + u**2 + 32*u - 813. What is x(-13)?
6
Let o(b) = -2*b + 3 + 12*b + 10*b - b**2 - 11*b. Let s = 56 + -52. Calculate o(s).
23
Let a(q) = 6*q + 6. Let b = -9025 - -9022. What is a(b)?
-12
Let v(h) = 20*h - 204. Suppose 35*u = -413*u + 4480. Determine v(u).
-4
Let w(h) = -6 - 5*h - h**3 + h**2 + 8*h**2 - 2*h**2 - h + 5*h. Let y(m) = m**2 - 17*m - 78. Let z be y(21). Determine w(z).
24
Let h be 93/(-9)*-2*3/(-2). Let t = h + 36. Suppose t*q + 3 - 18 = 0. Let m(k) = -k**3 + 2*k**2 + 4. Give m(q).
-5
Let m(v) be the first derivative of 34 + 2*v + 1/3*v**3 + 11/2*v**2. Calculate m(-7).
-26
Let t(n) be the third derivative 